e number?
True
Let g be ((-34)/(-6))/(2/60). Suppose -34*u + 117 = -33*u. Let r = g - u. Is r a prime number?
True
Let s(n) = 22*n**2 - 1. Is s(1) a prime number?
False
Suppose 0 = 2*n + 14 - 126. Is -1 + 3 + n + 1 prime?
True
Suppose -n - 1970 = 4*n. Let k = n - -555. Is k prime?
False
Let m(f) = f**3 + 9*f**2 - 10*f - 2. Let x be m(-10). Is 5/((-15)/(-663)) - x prime?
True
Let t(l) = 5*l**2 - 23*l - 5. Is t(-13) a composite number?
True
Suppose -5*m + 10*m = -4*v + 5439, m = 4*v - 5445. Is v prime?
True
Let x be 3093/2 - (-11)/22. Suppose -5*d = -x - 348. Is d a prime number?
True
Let w(v) be the third derivative of v**4/24 + v**3/3 + 7*v**2. Is w(5) prime?
True
Let n(y) = -y**3 - 6*y**2 - 5*y - 8. Let h be n(-6). Let k = h - -91. Is k composite?
False
Suppose u - 1 = 1. Suppose 5*t = -4*v + 323, u*v + 10 = -3*t + 203. Suppose 0*i + 3*i + 4*o = 154, i - o - t = 0. Is i a composite number?
True
Let g(u) = u**2 + u**3 + 3*u**2 - 5*u - 2 + u**2. Is g(-5) a prime number?
True
Let h(f) = 2*f**2 - 3*f - 3. Let u(c) = -c**2 - 6*c + 6. Let v be u(-6). Is h(v) a composite number?
True
Let b be (104/(-13))/(2/(-118)). Is (-3)/((-12)/b) - -3 a prime number?
False
Suppose -2*r = -5*r + 6. Let i be 11/2 + r/(-4). Suppose -2*m + 3*m = -i*p + 476, 4*p + 5*m - 385 = 0. Is p prime?
False
Is -52*((-68)/16 - -3) a prime number?
False
Suppose -5*a + 8 = c, 0 = -2*c + a + 2 + 3. Suppose 104 = -c*u + 851. Is u composite?
True
Let i be ((-18)/8)/(2/8). Let g = 55 + i. Suppose g = 5*c - 409. Is c prime?
False
Suppose 4*c - 5*k - 80 = 0, 3*c - 5*k = 6*c - 60. Suppose c = x + x. Is x a composite number?
True
Let t = 68 + 2111. Is t a prime number?
True
Let f = 215 + -106. Is f prime?
True
Let f(u) = -u**3 + 2*u**2 - 9*u + 3. Let b be f(-9). Suppose 5*g - b = 5*m, 5*g = -m - 418 + 1387. Is g a composite number?
True
Let i(a) = 5*a**3 - 2*a**2 + a. Let r be i(1). Suppose 2*f - 108 = -5*v + r*f, f + 43 = 2*v. Is v a composite number?
True
Let u(v) = 4 + 0*v + 3*v - v**2 + 5*v**2 - 2*v. Is u(3) a prime number?
True
Let j be 4*(1 - 2) - 1829. Is j*(4 + 39/(-9)) composite?
True
Suppose 0 = 7*v - 568 - 853. Is v a composite number?
True
Let f(p) = p**2 + 3*p + 2. Let i be f(-2). Let v(m) = -m**2 + 46. Is v(i) composite?
True
Let w(o) be the third derivative of -11*o**4/24 - 11*o**3/6 - 3*o**2. Is w(-8) prime?
False
Let h = -250 - -553. Is h a prime number?
False
Suppose c = -0*c + 10. Is c prime?
False
Suppose -5*u + 28 - 3 = 0. Suppose -3*c + 611 = -z - z, 0 = -5*z - u. Is c prime?
False
Suppose -5*j - 13 = -3. Let w be 3*123/(-6)*j. Suppose -3*i + 59 = 2*v - 302, 0 = -i + 2*v + w. Is i composite?
True
Suppose 868 = 4*z + 2*h, 2*z + 4*h = -3*z + 1085. Let o = z + -126. Is o prime?
False
Let c(v) = 5*v**2 + 4*v + 3. Let h be c(-4). Suppose 94 = y - h. Is y a prime number?
False
Let q = -12 + 9. Let c(r) = -19*r**3 - 2*r**2 + 3*r + 1. Is c(q) a composite number?
False
Let h(d) = d**2 - 2*d + 7. Let b be h(7). Let z be (-1)/1*(-6)/2. Suppose z*r + 0*r = b. Is r prime?
False
Let y(c) = 5*c**3 + 3*c**2 + 10*c - 1. Let x(h) = 4*h**3 + 3*h**2 + 9*h - 1. Let a(p) = -6*x(p) + 5*y(p). Is a(7) a prime number?
False
Suppose 6*t - 35 = t. Suppose -46 - t = -l. Is l composite?
False
Let v = 57 - 39. Suppose 5*m - 3*t - 39 = 0, m - 3*t - t = v. Is 7*(-4)/m*-3 composite?
True
Let r = -7 - -11. Let k(o) = o**3 - 3*o**2 - 2*o + 6. Is k(r) a prime number?
False
Let r = -252 + 461. Let w = r + -78. Is w a composite number?
False
Let m(b) = 0*b + 1 + 2*b - 1 - 4. Let l be m(-4). Is (-4)/l - (-110)/3 prime?
True
Let p = 4 + -5. Let f = 8 + p. Is f a prime number?
True
Let j be (-5)/(2 + 1*-3). Let z = j + -5. Suppose -5*g + 183 = -4*c + 2*c, z = c - 1. Is g prime?
True
Suppose 0 = q - 5*q + 24. Let r(t) = t**3 - 6*t**2 + 4*t + 7. Is r(q) a prime number?
True
Is (-155)/25 + 6 - (-2096)/5 a composite number?
False
Suppose 5*l - 3*l - 3*p - 18 = 0, -3*p = 12. Let s(f) = -3*f**2 + 3 + 2*f**3 + 3*f**3 + f**l + 6*f - 5*f**3. Is s(5) composite?
False
Let w be ((-2)/4)/((-2)/(-8)*2). Let x = 18 + -13. Let a = x - w. Is a a prime number?
False
Suppose 3*o + 6 = 0, 0 = -4*s + 3*o - 2*o + 762. Is s/4 - (-3)/(-6) a prime number?
True
Let f = 0 - -1. Suppose s + 0 = v + f, -3*v = 3*s + 21. Let i(n) = 3*n**2 - 2*n + 4. Is i(s) a prime number?
True
Is ((-2384)/(-20))/((-6)/(-15)) prime?
False
Suppose -n = -3*n + 298. Is n a prime number?
True
Let u(s) = 3*s**2 - 10*s - 4. Suppose 0*p + 5*p - 45 = 0. Is u(p) composite?
False
Let v(s) = -3*s + 1. Let q be v(-1). Suppose 3*f + 85 = q*f. Is f a composite number?
True
Suppose 9*q - 406 = 7*q. Is q a prime number?
False
Let i(d) = -26*d - 25. Is i(-14) a prime number?
False
Let k = 53 + 17. Suppose 0 = -3*t + 2*x + 10, 5*t + 4*x = -4 + 50. Suppose t*q - q - k = 0. Is q prime?
False
Let v(f) = -f**3 - f + 12. Let t be v(0). Suppose -3*i = -5*i - 8, -t = -l + 3*i. Suppose -158 = -l*k - 2*k. Is k a composite number?
False
Suppose 0 = 4*y - 85 + 13. Let s be (-2)/(-3) - (-798)/y. Let x = s + 10. Is x a prime number?
False
Let t(o) = -2 + 0 - 3*o + 1. Is t(-5) a prime number?
False
Suppose 5*w = -4*c + 30, -w + 6 = 2*w. Let z(f) = 41*f + 5. Let r be z(c). Suppose r + 120 = 2*h - 5*g, 445 = 3*h + 5*g. Is h a prime number?
False
Let u = 3982 - 2765. Is u a prime number?
True
Let b(o) = -108*o - 41. Is b(-14) prime?
True
Let c = 2 - 2. Let s(g) = -g**3 - g + 33. Let q(d) = -1. Let h(v) = -2*q(v) + s(v). Is h(c) a composite number?
True
Let a = 0 - -2. Suppose -365 + 1139 = 5*n - 4*z, 5*n - 782 = a*z. Is n composite?
True
Suppose -2 = 3*a - 4*a. Is a/7 + (-18925)/(-35) a composite number?
False
Suppose -3*t = -6*t. Suppose 0 = 2*h + p - 63, -4*h - p + 4*p + 151 = t. Is h composite?
True
Let b = 2762 + -1855. Is b a composite number?
False
Suppose 10*x = 8*x + 298. Is x a prime number?
True
Let w = 1 - 1. Suppose w*f = -2*f + 66. Is f composite?
True
Let c(r) = -r**2 + r. Let n(p) = 5*p**2 + 3*p + 1. Let z(i) = -4*c(i) - n(i). Let u(h) be the first derivative of z(h). Is u(-7) composite?
False
Let c(q) = -q**3 - 6*q**2 - 3*q + 13. Let y be c(-6). Let s = 0 + 2. Suppose -y = -s*p + 251. Is p prime?
False
Let k = 0 + 2. Is 41/k - 1/(-2) prime?
False
Let q = 288 - 74. Is q a prime number?
False
Let o = -3 - -5. Suppose -5*p + 2*l + 4 = 4*l, 0 = -4*p - 3*l + 6. Suppose -o*a - a + 12 = p. Is a a prime number?
False
Suppose -2*x + 4 = -2*a + 20, 0 = -2*a + 5*x + 10. Suppose -2*p + a = -0*p. Let c(b) = b**3 - 5*b**2 + 3*b - 2. Is c(p) a prime number?
True
Suppose -3*m - d = -4*m + 14, -5*d = -2*m + 28. Let i = m - -7. Is i prime?
False
Let p = 9 - 4. Suppose p*y - 45 = -0*y. Is y a composite number?
True
Let m(w) = w - 6. Let q be m(9). Suppose 2*n + q*n = 1075. Is n prime?
False
Suppose -315 = -4*p - 19. Is p a composite number?
True
Let f be 0 + (-7 - -1)/(-2). Let q(y) = 2*y - 3. Let x be q(f). Suppose 2*s + x*j - 2*j = 39, 5*j - 24 = -s. Is s prime?
True
Suppose -6 = -5*d + 19. Suppose -d*t + 5*m + 35 = 0, -2*t - 5*m = -5*t + 27. Suppose -t = -4*a + 20. Is a prime?
False
Let g = 223 + -159. Let n = g + -9. Is n a prime number?
False
Suppose -3*f - x = 22, -4*f + 2*f - 15 = x. Let o(r) = r**3 + 7*r**2 - 7*r + 6. Is o(f) a composite number?
True
Suppose p - 340 = -3*p - 4*y, 2*y - 419 = -5*p. Is p a composite number?
False
Let q be (2/(-3))/(2/330). Let v = q - -223. Is v a prime number?
True
Let f(w) = w**3 + 4*w**2 + 3*w - 1. Let l be f(-3). Let o be 1*(-4 - -2)/2. Is -1 - o - (l + -18) prime?
True
Let u be 2/3 - (-57)/9. Suppose u*s = 2*s, -5*q + 4*s = -465. Is q prime?
False
Let a = 1460 - 581. Is a prime?
False
Let m(z) = -z**3 - z**2 - 7*z - 5. Is m(-4) a composite number?
False
Let y(c) = 6*c - 2. Let w be y(6). Let h = 57 - w. Is h prime?
True
Let t(r) = r**3 + r**3 + r**2 - 2*r**2 + 3 + 2*r - r**3. Is t(4) a prime number?
True
Suppose -i = 2*h - 383, 4*i - 1096 - 386 = 2*h. Is i composite?
False
Suppose 3*b - 12 = v - 2, -4*b + 10 = -3*v. Suppose -3*y + 2*y + 108 = v*w, 5*w = 3*y + 259. Is w a composite number?
False
Let l(k) be the third derivative of 11*k**4/12 - 2*k**2. Suppose -3*o + 11 = 5*p, p + o = 5*o - 7. Is l(p) a composite number?
True
Suppose s = 2*u + 201, 2*u = 6*u + s + 411. Let p = u + 187. Is p a prime number?
False
Suppose 7*t - 8*t = 1. Is (2/t)/(